*z - 36, -z - 18 = -2*r. List the prime factors of r.
3
Let f = 7 + -13. Let z = f + 6. Suppose d - 2 - 3 = z. List the prime factors of d.
5
Let v = -14 - -10. Let z = v - -14. What are the prime factors of z?
2, 5
Let g(z) = -z**3 + z**2 + z - 5. What are the prime factors of g(-3)?
2, 7
Let z(i) = 3*i + 4. Let a be z(3). Let g = a - -1. List the prime factors of g.
2, 7
Suppose -2 = 5*u - 4*u. Let n be (-2)/((-10)/4 - u). Suppose -b = -0*b - n. What are the prime factors of b?
2
Let b(m) = m - 1 - 7 + 2 - 1. Let k be b(4). List the prime factors of ((-8)/k)/(8/24).
2
Let q = 920 - 655. What are the prime factors of q?
5, 53
Let a(s) = 4*s**3 - s**2 + s - 1. Let p be a(1). Suppose -b - 2*d = -6, 2*b = -2*d + 1 + p. What are the prime factors of ((-9)/b + 2)*2?
13
What are the prime factors of 10/((-4 - 1)*(-2)/325)?
5, 13
What are the prime factors of 258/13 - 12/(-78)?
2, 5
Let u = 15 - -5. What are the prime factors of u?
2, 5
Let s = 2 + 0. Suppose 5*h - 33 = s*h. What are the prime factors of h?
11
Let i be 1*1/2*0. Suppose j + 2 = -i. Let v = 2 - j. What are the prime factors of v?
2
Suppose d + 1 = -2. List the prime factors of 8*5*d/(-6).
2, 5
Suppose -5*a = -21 + 1. Suppose -69 - 67 = -a*g. List the prime factors of g.
2, 17
Let v(g) = -1. Let x(y) = -y - 7. Let m(h) = 5*v(h) - x(h). Let b be m(-4). What are the prime factors of (12/(-9))/(b/30)?
2, 5
List the prime factors of ((-123)/6)/((-1)/2).
41
Let n(s) = 2*s - 3*s**2 + 8*s**2 - 3*s**2. List the prime factors of n(-2).
2
Suppose 2*j = 6*j - 24. List the prime factors of (-22)/(-33) + 56/j.
2, 5
Let z(c) be the third derivative of c**4/6 + c**3 + 4*c**2. List the prime factors of z(3).
2, 3
Let p = -1 + -1. Let t(y) = -y**2 + 7*y**3 - 6*y**3 + 2*y + 6*y**2 + 2. List the prime factors of t(p).
2, 5
Let z = 10 - 15. What are the prime factors of (-2)/z - (-13)/5?
3
Suppose 14 + 26 = 2*h. List the prime factors of h.
2, 5
Suppose -2*t + 6 = -4*t. What are the prime factors of (-5 - t)/((-1)/2)?
2
Suppose -255 - 561 = -6*q. List the prime factors of q.
2, 17
Suppose 0 = 5*d + 4*j - 243, 5*d = 4*d + 5*j + 66. Let x = d - 30. Let m = x + -6. List the prime factors of m.
3, 5
Suppose 0*b - 5*b = -5. Let l be 1*((-1 - 0) + 0). What are the prime factors of ((-6)/3)/(l*b)?
2
Let k be (-2)/6 + (-11)/3. Let w = k - -12. What are the prime factors of w?
2
Let z(p) = -p**3 + 12*p**2 - p. List the prime factors of z(11).
2, 5, 11
Suppose 20 = c + 3*c. Suppose -m + c*b = -0*m + 22, 5*b - 10 = 0. Let d = -5 - m. List the prime factors of d.
7
Let l be 15/(-3)*3*1. Let r = l - -35. Let a = -12 + r. List the prime factors of a.
2
Let r(n) = 7*n - 9. What are the prime factors of r(3)?
2, 3
Suppose 4*u - 8 = h + 3*h, 5*h = u + 10. List the prime factors of h.
3
List the prime factors of 145 + ((-3)/1 - -3) - 2.
11, 13
Suppose l - 1 = 2*l. List the prime factors of l/(-2) + 15/6.
3
Suppose 5*r = -9*r + 3318. What are the prime factors of r?
3, 79
Let i(m) = -m**3 + 4*m**2 - 8*m + 11. Let u(y) = 2*y**3 - 8*y**2 + 15*y - 21. Let l(j) = 11*i(j) + 6*u(j). What are the prime factors of l(4)?
3
What are the prime factors of ((-3)/(-9) + 0)/((-2)/(-12))?
2
Let q(w) = w**3 + 10*w**2 + w + 13. Let z be q(-10). Suppose z*v - 70 = 5*c, v + 10*c - 5*c + 10 = 0. What are the prime factors of v?
3, 5
Suppose h = 2*h - 8. Suppose -5*g + g + h = 0. List the prime factors of (7/3)/(g/6).
7
Suppose 0 = 5*f - 0*f - 115. List the prime factors of f.
23
Let j(n) = 3*n**2 - 49*n + 26. What are the prime factors of j(19)?
2, 89
Let u = 286 + -137. What are the prime factors of u?
149
Let b(h) = 4*h - 3. Let v be b(3). Let g = 30 - v. List the prime factors of g.
3, 7
Let p be ((-12)/10)/((-1)/5). Suppose 5*u = 2*n + 37, -p*n + 2*u - 66 = -2*n. Let z = n - -26. What are the prime factors of z?
2, 5
Let u be (-2)/((6/9)/(-1)). Suppose -u*n + 4*n + 3*x - 21 = 0, -n - x = -11. Suppose 0 = 5*k + a - 30, 2*a + 0 = -k + n. List the prime factors of k.
2, 3
Let a(s) = -3*s - 14. Let u be (-25 + 16)*(1 - 0). What are the prime factors of a(u)?
13
Let c(y) be the second derivative of y**4/6 - 2*y**3 + 3*y**2/2 - 7*y. What are the prime factors of c(8)?
5, 7
Suppose -2*r = -5 + 3. Suppose 0 = 2*p - r - 3. List the prime factors of p.
2
List the prime factors of (5/((-100)/312))/(3/(-10)).
2, 13
List the prime factors of (-6)/(-57) + (-4628)/(-76).
61
Suppose 2*s + 726 = 4*y, y = -0*y - 4*s + 168. Suppose 0 = -4*u - 4 + y. What are the prime factors of u?
2, 11
Let x be 4/24 + 461/6. Suppose 0 = -3*c + x - 5. List the prime factors of c.
2, 3
Suppose 2*s + 12 = 284. What are the prime factors of s?
2, 17
Suppose -21 - 3 = -3*q + 3*d, -2*d + 24 = 3*q. Let f be q/(-20) + (-33)/5. Let s = f - -15. List the prime factors of s.
2
Suppose -2*n - n = 0. Suppose 5*j = r - 17, n = 2*r + 3*j - 5 - 16. List the prime factors of r.
2, 3
Let v(w) = w**3 - 6*w**2 + 12*w - 20. What are the prime factors of v(6)?
2, 13
Let n be 1*-2*(-20)/8. Suppose -4*y - n*p + 23 = -12, -5*y = 5*p - 50. Suppose 3*i = 3*d + 21, -y = -8*d + 5*d. What are the prime factors of i?
2, 3
Let l be (-4)/(12/(-9)) - -2. Suppose -l*g = -24 - 1. Suppose -3*q + 6 = i - 16, 3*i - 46 = -g*q. What are the prime factors of i?
7
Let v(h) = 4*h - 9. Let p(m) = m**3 - 3*m**2 - m - 3. Let o be p(4). Let u be v(o). Suppose -j = -2 + 6, 4*j + u = x. What are the prime factors of x?
11
Let f(j) = -11*j**3 - 2*j**2 - j + 2. Let w be f(2). Let a be (-12)/(-30) + w/(-10). Suppose 2*x - 4*x + a = 0. What are the prime factors of x?
5
Suppose -2*f = i - 243, 2*f + 3*i - i = 238. List the prime factors of f.
2, 31
Suppose -3*k + 340 = 2*k + 5*n, 6 = -3*n. What are the prime factors of k?
2, 5, 7
Suppose 2*l - 2*q - 582 = 0, 0 = -l - 5*q + 104 + 193. List the prime factors of l.
2, 73
Let a = -28 - -31. List the prime factors of a.
3
Let u be 1/(-1)*(2 - 0). Let v be (-5)/(1/4*u). Let g = v + -6. What are the prime factors of g?
2
Let g(p) = 3*p**2 + 3*p - 4. Let w be 1 + (-6 - (2 + -4)). List the prime factors of g(w).
2, 7
Suppose 3*m = -5 + 20. Suppose m*h + 2 = -53. Let z = -6 - h. What are the prime factors of z?
5
Let w(h) = 6*h + 2*h - 4 - 4*h. Let f be w(4). Let u = f - 5. List the prime factors of u.
7
Let u = -15 + 17. Suppose 3*v + 5*n = 48 + 11, 0 = u*n - 8. List the prime factors of v.
13
Suppose 2*r - 19 = r + 4*h, 5*r + h - 53 = 0. Suppose -55 = -2*g - r. What are the prime factors of g?
2, 11
Let n = 93 - 52. List the prime factors of n.
41
Let q = -43 + 82. List the prime factors of 4*1*q/12.
13
Let i(f) = -f**2 - 2*f + 4. Let z be i(-3). Let v = z - -25. What are the prime factors of v?
2, 13
Let f(z) = 4*z - 10. Let w be f(7). Suppose -3*y + w = 3*b, 2*y - 4 = 4*b + 2. List the prime factors of y.
5
Let a(k) = -k**3 + 2. Let y be a(0). Let n be 18 - (-2 - (y + -3)). Suppose n = 5*r + 3*j, -5*j + 20 = 4*r - j. List the prime factors of r.
2
Let q be 6/21 + 550/(-14). Let m = -21 - q. What are the prime factors of -2*(m/4)/(-1)?
3
Suppose -2*w + 3*w = 20. What are the prime factors of w?
2, 5
Let l be ((0 - 1) + 1)*-1. What are the prime factors of -3 + 42 + (-2 - l)?
37
Let y(r) = r - 5. Let h be y(4). Let i = h - -18. List the prime factors of i.
17
Suppose x + 3*q - 129 = 0, -695 = -8*x + 3*x - 5*q. What are the prime factors of x?
2, 3
Suppose 2*c + 10 = 38. What are the prime factors of c?
2, 7
Let l(h) = -25*h + 4. What are the prime factors of l(-3)?
79
List the prime factors of 78*3/(7 - -2).
2, 13
Let d = -5 + 7. Let g = 1 + d. Suppose -g*p = -0*p - 24. List the prime factors of p.
2
Let c(d) = -7*d. Suppose 2 = 2*w - 2. Suppose 4*v + 4 = -3*r, -2*v + w = -4*v + 4*r. List the prime factors of c(v).
7
Suppose 0*p - p = 5, 5*w = 5*p + 105. What are the prime factors of w?
2
Suppose 2*g = 4*y - 30, -y = -2*g + 5*g - 25. What are the prime factors of ((-65)/y)/(2/(-4))?
13
Suppose 5*b = -2*q + 28, q = 4*q - b - 8. What are the prime factors of q?
2
Let o(y) = -13*y - 1. Let h be o(-4). Let f = 80 - h. Let c = f + -17. List the prime factors of c.
2, 3
Suppose 6*s = 3*s + 96. Let k(m) = -2*m + 7. Let u be k(-5). Let v = s - u. What are the prime factors of v?
3, 5
Suppose -3*c + 6 = -0. Let d(b) = 12*b**2 - 3*b + 1. Let q be d(c). Suppose 13 = -3*a + q. List the prime